{"id":227,"date":"2021-03-18T15:13:45","date_gmt":"2021-03-18T15:13:45","guid":{"rendered":"https:\/\/mekis.online\/?page_id=227"},"modified":"2021-03-18T20:39:35","modified_gmt":"2021-03-18T20:39:35","slug":"yeni-is-fikirleri","status":"publish","type":"page","link":"https:\/\/mekis.online\/index.php\/blog\/yeni-is-fikirleri\/","title":{"rendered":"YEN\u0130 \u0130\u015e F\u0130K\u0130RLER\u0130"},"content":{"rendered":"","protected":true},"excerpt":{"rendered":"","protected":true},"author":1,"featured_media":0,"parent":33,"menu_order":0,"comment_status":"closed","ping_status":"closed","template":"","meta":{"footnotes":""},"class_list":["post-227","page","type-page","status-publish","post-password-required","hentry"],"_links":{"self":[{"href":"https:\/\/mekis.online\/index.php\/wp-json\/wp\/v2\/pages\/227","targetHints":{"allow":["GET"]}}],"collection":[{"href":"https:\/\/mekis.online\/index.php\/wp-json\/wp\/v2\/pages"}],"about":[{"href":"https:\/\/mekis.online\/index.php\/wp-json\/wp\/v2\/types\/page"}],"author":[{"embeddable":true,"href":"https:\/\/mekis.online\/index.php\/wp-json\/wp\/v2\/users\/1"}],"replies":[{"embeddable":true,"href":"https:\/\/mekis.online\/index.php\/wp-json\/wp\/v2\/comments?post=227"}],"version-history":[{"count":3,"href":"https:\/\/mekis.online\/index.php\/wp-json\/wp\/v2\/pages\/227\/revisions"}],"predecessor-version":[{"id":266,"href":"https:\/\/mekis.online\/index.php\/wp-json\/wp\/v2\/pages\/227\/revisions\/266"}],"up":[{"embeddable":true,"href":"https:\/\/mekis.online\/index.php\/wp-json\/wp\/v2\/pages\/33"}],"wp:attachment":[{"href":"https:\/\/mekis.online\/index.php\/wp-json\/wp\/v2\/media?parent=227"}],"curies":[{"name":"wp","href":"https:\/\/api.w.org\/{rel}","templated":true}]}}